2 - 9*w - 4. Let p(h) = 2*a(h) + 7*g(h). What is p(-3)?
-34
Let n(l) be the second derivative of l**4/4 - l**3 + 3*l**2/2 + 240*l. Give n(1).
0
Let c(i) be the third derivative of -3*i**5/20 + i**3/6 + 6*i**2. Suppose -3*t + 3*p - 9 = 0, 0 = -2*t - 3*p + p - 10. Let h be (-2*(-6)/t)/(-3). What is c(h)?
-8
Suppose -4*x = -3*m - 55, -2*x + 0*x = 2*m - 24. Let s be ((-5)/(-2))/(x/26). Let c(j) = -4 - 3*j + j**3 - s*j**2 - j**3 - j**3 + j. Calculate c(-5).
6
Let h(s) be the second derivative of -s**3 + 81*s**2/2 - 19*s - 1. What is h(13)?
3
Let g = -333 - -335. Let k(t) be the first derivative of -1/3*t**3 + 0*t**2 + g*t - 2. Give k(-3).
-7
Let z be 4/(-14) + 198/(-42). Let n(h) be the first derivative of -2*h - 7/2*h**2 - 1/3*h**3 - 10. Calculate n(z).
8
Let q(k) be the first derivative of -k**4/4 + 8*k**3/3 - 5*k**2 + 13*k + 106. Calculate q(7).
-8
Let q(h) = -h**3 + 6*h**2 - h + 4. Suppose 4*z + 205 - 227 = -2*r, 0 = 5*r + z - 28. What is q(r)?
24
Let i(s) be the first derivative of -1/3*s**3 - 10 + 3*s**2 + s. Calculate i(8).
-15
Let b(d) be the third derivative of d**7/2520 - 7*d**6/720 + 3*d**5/20 - 28*d**2. Let o(s) be the third derivative of b(s). What is o(-5)?
-17
Suppose -6 = -5*v + 3*r, 3*v - 5*r - 10 = 8*v. Suppose -4*b + b - 9 = v. Let l(a) = 16*a + 6. Let o(y) = 7*y + 3. Let p(j) = -3*l(j) + 7*o(j). Give p(b).
0
Let q = -20 + 26. Let k(s) = q*s**3 - 97*s - s**3 + 98*s. Give k(-1).
-6
Let x(m) = -4*m**3 + 0*m**3 + 2*m**2 - 3*m + 1 + 3*m**3 + 3. Calculate x(3).
-14
Let d be -3*20/(-18)*36/5. Let v = d - 22. Let q(c) = 2*c - 2. What is q(v)?
2
Let v(b) = -b**2 + 4*b + 4. Let i(o) = -o + 24. Let y be i(25). Let g be y + 9 - (26 + -24). Give v(g).
-8
Let a(q) be the third derivative of -q**4/24 - 5*q**3/6 + 30*q**2 + q. Determine a(-6).
1
Let o(h) be the second derivative of h**5/20 + h**4/3 + h**3/6 + 5*h**2/2 + 91*h. What is o(-4)?
1
Let u(v) = v**2 + 8*v + 6. Suppose -22*w + 25*w = -24. Determine u(w).
6
Let v(i) = -529 + 1047 - 526 - i**3 + 0*i**3 - 17*i**2. Determine v(-17).
-8
Let w = -6 + 8. Let f(z) = -13 - 4*z - 3 - 3*z**2 + 11 - 3*z**3. Let r(o) = 4*o**3 + 2*o**2 + 4*o + 6. Let a(x) = w*r(x) + 3*f(x). Calculate a(-3).
-9
Let c be (-3 - -1)/(-2 - -1). Let i(u) = -u**3 + 4*u**c - 1 - 8 + 8*u + 0*u**2 + 3. Determine i(5).
9
Let r(y) = 14*y - 11. Let z(p) = -31*p + 18. Let c(v) = 13*r(v) + 6*z(v). Determine c(-10).
5
Suppose -t + 4 = 5*d - 0*t, -2*t = 2. Let r be (2/4 + d)*2. Let b(k) = -k**3 - k**2. Let z(m) = -5*m**3 - 8*m**2 - 4*m. Let q(i) = r*b(i) - z(i). Give q(-3).
-21
Let t(i) be the third derivative of i**6/120 - i**5/6 - i**4/24 + 7*i**3/6 - 288*i**2 - 2. Determine t(10).
-3
Suppose 5*l + w = -0*w + 31, -3*l + 2*w = -16. Suppose -2*z + 4*y = -14, y - 22 - l = -4*z. Let h(k) = k**3 - 8*k**2 + 9*k - 10. Give h(z).
4
Let b(u) = -u**2 + 9*u - 2. Suppose 16*z + 9 = 89. Give b(z).
18
Suppose -4*s + 0 = -8, -2*g = -3*s + 20. Let w(h) = -h**3 - 8*h**2 - 7*h - 5. Determine w(g).
-5
Let o(t) = -t - 13 + 2*t + 0*t. Suppose 0 = -5*x - 3*i + 60, 6 = -3*x + 5*i + 8. What is o(x)?
-4
Let b(p) = 23 + 15*p - 4*p - 1679*p**2 + 836*p**2 + 844*p**2. Determine b(-7).
-5
Let l(h) = -h**3 + 8*h**2 - 7*h - 11. Let w be l(7). Let x be w + ((-8)/(-2) - -1). Let c(k) = -k**3 - 7*k**2 - 8*k - 5. Give c(x).
7
Let g(j) = -j - 2. Let r be g(-5). Let w(c) = 7*c - 2. Let x(h) = 217*h - 63. Let k(l) = 63*w(l) - 2*x(l). Calculate k(r).
21
Let w(f) = f**2 + 8*f - 6. Let c be w(-11). Let v = c - 1. Let n(r) = -9 + v + r - 12. What is n(-5)?
0
Let o(f) be the third derivative of f**6/360 + 11*f**5/120 + 11*f**4/24 + 29*f**3/6 + f**2. Let r(w) be the first derivative of o(w). Calculate r(-10).
1
Let q(l) = l + 4. Let m(v) = v**2 - 2*v - 21. Let c(a) = -m(a) - 6*q(a). Calculate c(-5).
-8
Let z(p) = 6*p**2 - 1 + 19 + 2 - 16 + p**3. Let i(n) = -n**2 - 4*n - 6. Let c be i(-4). Let h be z(c). Let b(d) = -d**3 + 3*d**2 + 6*d - 2. What is b(h)?
6
Let d(u) = 3*u + 6. Suppose 8*f - 24 = 4*f. Let b(p) = p**3 - 6*p**2 - 3*p + 12. Let m be b(f). Give d(m).
-12
Let q(z) = -z**3 + 21*z**2 + 49*z - 45. Let h be q(23). Suppose -h*m = -26*m - 4. Let j(o) = 7*o**2 - 1. Determine j(m).
27
Let f be (-33)/9 + (-2)/6. Let k(s) be the first derivative of 61 - 52 - s**2 - 2*s - 2*s. Determine k(f).
4
Let m(a) = -a + 1 - 11 + 10. Determine m(-6).
6
Suppose 4 = -2*p, -l + 5*p + 8 + 2 = 0. Let k = -1 + l. Let j(c) = 6*c**3 + 26*c**2 - 15*c**2 - 4*c**3 + 1 - 12*c**2. Give j(k).
-2
Let n be (-2)/(4/(-6)) + 0. Let m(p) be the first derivative of p**3/3 - p**2 - 2*p + 44. Let z be m(n). Let y(t) = t**2 + 1. What is y(z)?
2
Let a be 34 + (-2 - -2) + -2. Let d = -25 + a. Let t(m) = -m**2 + 5*m + 8. Calculate t(d).
-6
Let j(s) be the first derivative of -3 - s**2 - 1/8*s**4 + 1/60*s**5 - 1/3*s**3 + 0*s. Let l(d) be the second derivative of j(d). Give l(4).
2
Let s be (-2)/(2 - (-48)/(-20)). Let m(r) = 2*r + r + 4 - 7*r + 2*r + r. Determine m(s).
-1
Let w(f) = -f**2 - 20*f - 90. Let i be w(-5). Let r(n) = -n - 10. What is r(i)?
5
Let n(s) = s - 4 + 0 - 4*s**2 + 0*s + 3*s**2. Let f(d) = 2*d**2 - 2*d + 4. Let m(q) = 3*f(q) + 4*n(q). Determine m(3).
8
Let l(g) = -g + 1367*g**2 - 1367*g**2 + 16*g**3. Determine l(1).
15
Let t(o) = 192*o**3 - 190*o**3 + 0 + 4*o**2 - 4 - 2*o + 0. Give t(-3).
-16
Let x(t) = -3*t + 6 - 5 + 0 - t**2. Let c = -2 + -1. What is x(c)?
1
Let w(o) = 4*o - 1. Let n = 8 - 4. Suppose 10 = -9*c + n*c. Determine w(c).
-9
Let u(y) = 14*y - 1. Let z(v) = -v**2 - 6*v + 1. Let s be z(-5). Let r(o) = -6*o**2 + 3*o - 2*o - 10 + o**3 + 0*o + 3. Let g be r(s). Determine u(g).
-15
Let p(l) = -l - 13. Let h be p(-10). Let g(v) = 2*v**3 - 3*v**2 + v - 1. Let q(s) = -3*s**3 + 7*s**2 - s + 2. Let t(w) = h*q(w) - 5*g(w). Calculate t(-6).
11
Suppose -6 = 3*w, -2 = c - 3*w - 8. Suppose 5*q + 2*n - 56 = c, -n - 13 + 6 = -q. Suppose -5*f - q = 20. Let m(z) = -z + 4. What is m(f)?
10
Let p(h) = h + 1. Let q be p(5). Let w(n) = -n - 5*n + 5*n - q. Suppose 0 = -2*t + 4*t - 10. Calculate w(t).
-11
Let q(h) = -4*h**3 - 2*h**2 + 6*h. Let g(d) = -3*d**3 - 3*d**2 + 6*d - 1. Let t(r) = 5*g(r) - 4*q(r). Let z be (16*1)/2 - 2. Determine t(z).
-5
Let j(s) = -5*s**2 - s + 2. Let z(a) = 4*a**2 + a - 2. Let g(b) = -5*j(b) - 6*z(b). What is g(2)?
4
Suppose 3*u + 4 = u. Let z(d) be the first derivative of 2/3*d**3 - d - 3 - d**2. Give z(u).
11
Let h be (-7 - -9)*3/(-2). Let j(d) = d - 5. Let p(f) = -4. Let a(r) = h*j(r) + 4*p(r). Let s be 10/14 + 4/14. Determine a(s).
-4
Let y = 1058 - 1064. Let u(q) = -2*q**2 - 12*q + 8. What is u(y)?
8
Let z(h) = 3*h. Let g = -1259 - -1260. What is z(g)?
3
Let n(x) be the third derivative of 5*x**4/24 + 2*x**3 + 2*x**2 - 586. Determine n(-5).
-13
Let w(l) = -3*l - 4. Let d(h) = -h + 1. Suppose -3*n = -4 + 7. Let c(x) = n*w(x) + 5*d(x). Suppose 0 = -5*z + 20, -3*z = t - 6*t + 18. What is c(t)?
-3
Let g(m) be the second derivative of -m**3 - 3*m**2/2 + m. Suppose -64 = -36*a + 68*a. Give g(a).
9
Let c(h) be the first derivative of 1/12*h**4 + 5/2*h**2 + 0*h + 1 - 1/6*h**3 - 1/20*h**5. Let z(f) be the second derivative of c(f). Give z(1).
-2
Let j = -5 + 8. Suppose 3*z = 0, 4*r - j*z - 10 = -r. Suppose r*m = 2*l + 18, -3*l = l + 20. Let h(q) = -3*q + 6. Calculate h(m).
-6
Suppose 3*b + 3*q - 2*q + 7 = 0, -q + 1 = b. Let v be 33/4 + b/16. Let p = v - 8. Let l(t) = -t**3 + t + 1. What is l(p)?
1
Let l(m) = -2*m**3 + m**2 + 2*m - 2. Suppose -1055 + 1044 = -11*i. Give l(i).
-1
Let j(k) = 7*k**2 + k + 5. Let l(r) = 6*r**2 + r + 4. Let w(o) = -5*j(o) + 6*l(o). Let t be w(2). Let v = t - 9. Let x(m) = m**3 + 3*m**2 + 4. Give x(v).
-12
Suppose 0*k = 4*k - 8. Let t(s) = 3*s**k - s**2 - 3*s**2 + 3 - 9*s - 4. What is t(-8)?
7
Let w(j) be the third derivative of j**5/60 - j**3/2 - 46*j**2 + 2. Suppose -l - 6 = l. Give w(l).
6
Let t(i) = -9*i + 3. Let w(k) = 120*k - 36. Let q(g) = 27*t(g) + 2*w(g). Determine q(-4).
21
Let i(g) = 22*g - 2. Let u(x) = -37*x + 3. Let n(c) = -5*i(c) - 3*u(c). Give n(6).
7
Suppose q + 19 = 2*j - 1, -q + 3*j - 19 = 0. Let f = q + 26. Let x(k) = 3*k**3 - 4*k**3 - 1 + 2 + 3*k + 3*k**2. Calculate x(f).
-3
Let s(o) = o**3 - 4*o**2 - o + 5. Let l = -120 + 124. Give s(l).
1
Let f(v) = v**3 - 3*v**2 - 3*v + 1. Suppose 5*h - 1 - 14 = 0. Suppose -5 = -4*z - 2*g + 3, 2*z + 